
9 - (15 + -10 - 0 - 6)
10
4 - (18 - (-1 - (-6 + -2)))
-7
Evaluate -3 + 4 - (-1 - -1 - (-26 - -19)).
-6
What is the value of 4 - -8 - (43 + -26)?
-5
Evaluate -215 - -216 - (2 + 6 + 4).
-11
0 + 2 + 34 + -48 + 6
-6
What is the value of 37 - (15 + -3 + -3)?
28
Evaluate -491 + 449 + (22 - 1).
-21
2 + (-2 - 0 - 0 - (34 - 22))
-12
What is the value of -23 - (12 - 50 - -17)?
-2
Evaluate 8 - 12 - (2 + 4 - 0).
-10
What is the value of (3 + -5 - 3 - -10) + 0?
5
-5 + 7 + -2 + 6
6
-1 + -7 - 9 - -11
-6
What is the value of 0 + -13 + 20 + -9 + -5?
-7
What is (-2 - 1) + 3 - (10 - 15 - -6)?
-1
What is the value of 0 + 12 - (1 + (-4 - -10)) - 8?
-3
Calculate (12 - (16 + 2 + -20)) + -24.
-10
Evaluate -14 + (34 - (-25 - -28)).
17
Calculate -15 + -1 + 2 + (-15 + 17 - -4).
-8
What is the value of (-9 - 3) + -7 + 4 + 5 + 3?
-7
3 + 10 + -32 - (-2 + 13)
-30
What is -2 + (5 + (7 - 13) - 2) + 16?
11
What is the value of -9 - (-33 + 15 + -14)?
23
Calculate 28 + -2 + -4 - (-4 + 10).
16
Calculate 20 + (-4 - (15 - 8)).
9
16 - (-3 + (0 - (-18 + 9)))
10
Evaluate -7 + -1 + ((-4 - 8) + 7 - -28).
15
What is the value of -27 + (29 - -4) - (14 + 0)?
-8
11 + 39 + -41 + 2 + 3 + -1
13
What is 0 + 14 + (-18 - (-1 - 4))?
1
Calculate 10 - 19 - (-16 - -11).
-4
What is the value of -2 + 18 - (-39 + 31 - 3)?
27
What is 14 - 1 - (87 - 83)?
9
Evaluate 2 - 1 - (-38 + (97 - 75)).
17
15 + -33 - -4 - -2
-12
Calculate -9 - (29 + -20 + -23).
5
What is 1 + -2 - (12 - -18) - (34 - 23)?
-42
(9 - 9) + -10 + 4 + 19
13
What is the value of 24 + 3 + -27 - 17?
-17
What is the value of -517 + 488 - (1 + (-3 - -2) + -8)?
-21
Calculate 28 - (((-10 - -14) + -14 - 0) + 20).
18
Calculate 2 - (10 + -10 + 4).
-2
(-24 - 97) + 48 + 33
-40
What is 24 + -17 + (-9 - -17)?
15
Evaluate 7 + -3 - (3 + 7 - (19 + -2)).
11
(-6 - ((79 - 92) + 0 + 3)) + -16
-12
What is the value of 1 + (15 - (-5 + 11 + 2)) + 3?
11
What is the value of (1 + -3 - (-102 - -93)) + 2?
9
Calculate 3 + (-16 + -4 + -1 - -1) + 6.
-11
Calculate (7 - -1) + -2 + -21 + -6.
-21
Evaluate -16 + 11 - (5 + (-5 - -2) - 2).
-5
What is the value of -51 + 37 + -1 + -3 + 2 + -1?
-17
What is the value of 2 - 1 - 0 - (8 + -19 + 13)?
-1
What is the value of (5 - (9 + -4 - 10)) + (-8 - -1)?
3
-13 - ((-10 + 0 - 3) + 27)
-27
Evaluate -11 + 16 + -1 + -7.
-3
What is the value of 17 + -5 + -6 + 6 + -2?
10
11 - (8 - -4 - 11) - 3 - 20
-13
4 + -9 - (41 + -34)
-12
What is 3 - -1 - ((-2 - (1 - 7)) + -1)?
1
(-5 - -19) + -25 + -7
-18
Calculate (-32 + 78 - 24) + -2 + 1.
21
(23 - 59) + 46 + (0 - -22)
32
Evaluate -10 - (-9 - -3 - (-42 + 30)).
-16
What is (-10 - (22 - 35)) + (-3 - 8)?
-8
Evaluate 13 + -1 - (1661 - 1676).
27
What is the value of (0 - 3) + 14 + (-6 + 14 - 16)?
3
-19 + -4 + 15 - 0
-8
(-71 - -70) + (6 - (-2 - -5))
2
What is the value of (18 - (19 + -3)) + 0 + -6 + -2?
-6
45 - 7 - 20 - 12
6
What is the value of 4 - (-12 + (-16 - -31))?
1
What is the value of (11 - 10 - (6 - 2)) + (2 - -15)?
14
9 + -1 + -3 + 1 + -2
4
What is the value of (1 - 3) + (12 - (4 - -1))?
5
Evaluate 0 - -5 - (7 + 10 + -13) - 2.
-1
What is 34 + -41 + 43 + -41?
-5
What is the value of 58 + -49 + (-2 - -6) + -2?
11
27 - (14 + -9 + (2 - (5 - 5)))
20
Calculate 3 + (-1 - (18 + -18 + 6 + -1)).
-3
Evaluate (-1 - -1) + -6 - (2 - (7 - 8)).
-9
Evaluate -12 - (55 - (10 + 29)).
-28
What is the value of 0 + -8 - ((-27 - -9) + 13 - -13)?
-16
What is 6 - -8 - 4 - 13?
-3
What is (-195 - -176) + 5 + 12?
-2
What is the value of (2 - -2) + 2 + (3 - (7 - 9))?
11
Calculate 27 - (21 - (14 + -1)).
19
Calculate (2 - (-2 - -8)) + -2 + 22 + 3.
19
Evaluate -8 - (-15 - (-4 + -1)).
2
What is -8 + 23 + 45 + -59?
1
What is (7 - (8 + -4)) + -19?
-16
Calculate 2 - -6 - (13 - 4).
-1
What is the value of (-11 + -2 + 10 - -3 - 8) + -25?
-33
What is the value of (-6 - -11) + -7 + -14 - (-16 + 15)?
-15
What is the value of 1 + 5 + (-1 - (1 + -5))?
9
What is the value of 7 - ((9 - -8) + -2 + 5 + -8)?
-5
What is -1 + 7 + -14 + 9 - 2?
-1
What is (-2 - 5 - 1) + -2 - (-15 - -9)?
-4
Calculate (3 - -1) + -9 + (12 - 10).
-3
(23 - 17) + -8 + 3 + -6 + 1
-4
Evaluate -38 - (27 - 1 - 38).
-26
What is -52 - (-21 - (15 - 13))?
-29
Evaluate 10 - 21 - (8 + -17 + 4 - 38).
32
What is the value of -1 + 0 + -6 - (-18 + 23 + 1)?
-13
What is 11 - (456 - 466 - (-2 + 1 - 43))?
-23
What is 13 - (-11 + 10 - (-4 + 2))?
12
What is the value of 4 + (5 - 2 - 3) + 5 + -4?
5
What is the value of -10 + -29 + 14 + 5?
-20
(-74 - -70) + (8 - (1 + 0)) + 1
4
Calculate -34 + 22 - (-12 - -7).
-7
Calculate 12 + 3 - (-116 - -130).
1
Evaluate (5 - 19 - -3) + 7 + (1 - 2).
-5
What is the value of -23 + 17 + (11 - -2)?
7
Calculate 0 - (-17 + 0 - -28).
-11
What is the value of 12 - 9 - (-7 + -2)?
12
What is the value of 34 - (33 + -25 + 2 + -10)?
34
Calculate -4 - -18 - (5 + 3 - 3).
9
8 - (9 - (-25 + 37))
11
What is 14 + (-11 - (-3 + 8))?
-2
Evaluate (-5 - 0) + 7 + -8 + (-55 - -45).
-16
-161 + 150 + 2 + -1
-10
What is 0 - (6 + (-1 - (5 + 1)))?
1
Evaluate (2 - 13) + 20 + -23.
-14
Calculate (1 - 8) + (-2 - 1 - (94 - 112)).
8
Calculate 7 - 0 - (1287 + -1249).
-31
Evaluate 43 + 11 + -26 + -21 - (-3 - 0).
10
What is the value of -30 + (1 + -15 - (4 + -23))?
-25
What is the value of 0 + 9 + -4 + (15 - -9) + -17?
12
What is (1 - 2) + -4 + (-1 - -7)?
1
What is the value of (-17 - -36 - -11) + -14?
16
-10 - (-9 - (11 + -4 - 24))
-18
What is (10 - 16) + (16 - (-2 - (7 - 5)))?
14
Evaluate 4 - (-6 - (87 + -89 - (-2 + 1))).
9
(-2 - 27) + (2064 - 2053)
-18
Calculate (9 - (5 + 21)) + 47 + -17.
13
Evaluate -1 + 4 + 0 - (-13 - (1 - 1)).
16
What is -4 + (7 - 18 - (-2 + 7))?
-20
What is (1 - (-6 - 1)) + -6 + 4?
6
Calculate (-17 - (-7 - 12)) + 0.
2
Evaluate -17 - (-9 - 4) - -4.
0
-26 + 32 + -49 + 11 + (0 - -11)
-21
What is 4 + 2 + (-29 - -10 - 15) + 7?
-21
What is (7 - 29) + (108 - 103)?
-17
What is the value of (-49 - (-16 - 20)) + -4 + -1?
-18
What is the value of 9 - (14 - 11) - -3?
9
Evaluate -6 + (-30 + 13 - -4) + 21.
2
Evaluate -6 - (0 + -4) - (2 + -18).
14
Calculate (11 - (5 + -9 - -7 - -7)) + -7.
-6
What is -18 + 16 + -21 + 15?
-8
What is -2 - (3 + -10 - (-19 - -40))?
26
Evaluate 2 + -30 - (-22 + 5).
-11
Calculate (-6 + (18 - -2) - (15 - 9)) + -3.
5
What is 14 + (8 - (29 + -15 - -5))?
3
What is the value of -7 + 12 + -11 - -10 - 11?
-7
What is -4 - (13 - (-2 + (8 - 2)))?
-13
What is the value of (-40 + 65 - -12) + -32?
5
-2 - -4 - (3 + -11 - -2)
8
33 - (-11 - (-5 + (-2 - 11)))
26
Calculate 4 - (-14 + 15 - (3 - 7)) - -22.
21
5 - -1 - (24 + -15) - -5
2
15 + -5 + -1 + (12 - 27)
-6
Evaluate 48 + (-22 - 12) + 12.
26
(-143 - -122) + 8 + -1 + 1 + 0
-13
Evaluate 0 + (-10 + 12 + 10 - 11 - -29).
30
What is 10 - (12 + (3 - 7)) - (0 - -3)?
-1
What is the value of -1 - (1 - (-5 - 15)) - (31 - 33)?
-20
Evaluate -8 + 4 + 7 + 12 - (73 - 71).
13
(-4 + -8 + 1 - -14) + 1 + -10
-6
Calculate (-2 + 3 - -2) + (-9 - -5) - 2.
-3
Evaluate (35 - 36) + 16 + (3 - 2) + -3.
13
What is the value of (-2 - 5) + 12 + (51 - 52)?
4
Evaluate (-24 - -39 - -7) + -8.
14
9 - (31 + -30 + -8 + 5)
11
-1077 - -1104 - (30 + -1)
-2
-8 + (76 + -24 - 25)
19
What is the value of (7 - (-20 - -37)) + -24?
-34
Calculate 20 - ((0 - 12 - 0) + 19).
13
What is the value of -7 - (25 + -13) - (-7 + -6)?
-6
What is -31 + (12 + -16 + (11 - 0) - 5)?
-29
What is the value of 0 + 1 - (-6 + -7 + 24 + -6)?
-4
Evaluate 46 + -40 + -2 + -5 - (-6 + 2).
3
Evaluate 26 - (10 - 19) - 16.
19
What is -23 + (-52 - -77) - (0 - -6)?
-4
Calculate 49 + -45 - (-3 + 1 - -12).
-6
(19 - 31 - 2) + -7
-21
15 + -16 + 4 + (2 - -7)
12
What is the value of 9 + 1 + -34 + -2 - (0 - 4)?
-22
4 - 3 - (-22 + 24) - (2 + 0)
-3
-4 + 23 + -11 + (-3 - 2) - 27
-24
(33 - 21) + -28 + 17
1
-11 - ((11 - 2) + -19 + 9 + -3)
-7
Calculate -9 - (7 + -10) - -2 - (8 + 2).
-14
What is 32 + -1 + (-48 - (-29 - 16))?
28
-2 - (5 + -1 + 0)
-6
What is 19 - (23 - (11 + -1))?
6
What is the value of (-36 - -46) + -45 - -29?
-6
0 - ((-3 - 10 - -13) + -3 + 0)
3
Calculate 3 + (4 - 17) + 0.
-10
(-1 - 13 - -16 - -1) + (0 - 1)
2
What is the value of (-2 - 1) + 28 + -13 + -26?
-14
What is -14 - ((5 - 16) + 10 - 11)?
-2
What is 43 - (45 + -17) - 19?
-4
Evaluate (-15 - -28) + -25 - 3 - (1 + -1).
-15
Evaluate -4 + -1 - (8 - (9 + (2 - -7))).
5
What is (-30 - -24) + 24 - 25?
-7
-8 - (16 - -6 - 16)
-14
Calculate 1 + 21 - ((-2